ors of 26080229.
7, 23, 7043
List the prime factors of 16944836.
2, 23, 67, 2749
List the prime factors of 302422.
2, 89, 1699
What are the prime factors of 9675?
3, 5, 43
List the prime factors of 24186630.
2, 3, 5, 13, 62017
List the prime factors of 288311.
229, 1259
What are the prime factors of 128631?
3, 53, 809
List the prime factors of 34845871.
34845871
List the prime factors of 816269.
41, 43, 463
List the prime factors of 83892.
2, 3, 6991
What are the prime factors of 2203097?
13, 137, 1237
List the prime factors of 195697.
195697
What are the prime factors of 10867?
10867
List the prime factors of 1367317.
7, 31, 6301
List the prime factors of 2497549.
73, 34213
What are the prime factors of 391313?
13, 31, 971
What are the prime factors of 1854821?
1093, 1697
What are the prime factors of 127416?
2, 3, 5309
List the prime factors of 1104232.
2, 83, 1663
List the prime factors of 956579.
13, 73583
What are the prime factors of 121491?
3, 13499
List the prime factors of 4551000.
2, 3, 5, 37, 41
What are the prime factors of 459889?
199, 2311
What are the prime factors of 2418343?
2418343
List the prime factors of 1118807.
1118807
What are the prime factors of 2552613?
3, 7, 121553
List the prime factors of 768179.
17, 73, 619
List the prime factors of 329371.
7, 211, 223
What are the prime factors of 837974?
2, 418987
What are the prime factors of 281117?
281117
What are the prime factors of 381271?
11, 23, 137
What are the prime factors of 14462642?
2, 103, 70207
What are the prime factors of 23384526?
2, 3, 11, 139, 2549
What are the prime factors of 2007?
3, 223
What are the prime factors of 3319265?
5, 663853
List the prime factors of 18659342.
2, 13, 717667
List the prime factors of 1674379.
7, 34171
What are the prime factors of 330021?
3, 17, 719
What are the prime factors of 33376318?
2, 67, 233, 1069
List the prime factors of 191833.
191833
List the prime factors of 1458546.
2, 3, 243091
List the prime factors of 597630.
2, 3, 5, 11, 1811
List the prime factors of 5724384.
2, 3, 59629
What are the prime factors of 5543107?
5543107
What are the prime factors of 591514?
2, 7, 11, 23, 167
List the prime factors of 12175293.
3, 13, 71, 4397
What are the prime factors of 8058010?
2, 5, 311, 2591
What are the prime factors of 460113?
3, 153371
List the prime factors of 931822.
2, 23, 47, 431
What are the prime factors of 69610?
2, 5, 6961
List the prime factors of 496857.
3, 29, 5711
What are the prime factors of 816072?
2, 3, 37, 919
List the prime factors of 858980.
2, 5, 29, 1481
List the prime factors of 11744973.
3, 23, 18913
List the prime factors of 2502678.
2, 3, 417113
List the prime factors of 211206.
2, 3, 35201
List the prime factors of 15131199.
3, 59, 85487
What are the prime factors of 378669?
3, 126223
List the prime factors of 953261.
953261
What are the prime factors of 659367?
3, 24421
List the prime factors of 173828.
2, 43457
List the prime factors of 4823348.
2, 197, 6121
List the prime factors of 990167.
953, 1039
List the prime factors of 708479.
708479
What are the prime factors of 8970458?
2, 7, 17, 37691
What are the prime factors of 463532?
2, 115883
List the prime factors of 2787231.
3, 929077
What are the prime factors of 8252441?
19, 83, 5233
What are the prime factors of 154432?
2, 19, 127
List the prime factors of 279571.
279571
What are the prime factors of 421826?
2, 210913
What are the prime factors of 1025565?
3, 5, 68371
List the prime factors of 2205546.
2, 3, 7, 17, 3089
What are the prime factors of 182742?
2, 3, 7, 19, 229
List the prime factors of 9998097.
3, 83, 40153
What are the prime factors of 458113?
29, 15797
What are the prime factors of 30747106?
2, 13, 1182581
List the prime factors of 1898201.
1898201
List the prime factors of 15568.
2, 7, 139
List the prime factors of 965585.
5, 113, 1709
What are the prime factors of 3659962?
2, 1229, 1489
List the prime factors of 255772.
2, 11, 5813
List the prime factors of 179164.
2, 47, 953
List the prime factors of 216513.
3, 11
What are the prime factors of 193724?
2, 19, 2549
What are the prime factors of 95796?
2, 3, 887
List the prime factors of 1358001.
3, 150889
List the prime factors of 2938621.
7, 419803
List the prime factors of 3468224.
2, 47, 1153
List the prime factors of 282493.
282493
List the prime factors of 12722436.
2, 3, 353401
What are the prime factors of 30618074?
2, 761, 20117
List the prime factors of 6839761.
97, 107, 659
List the prime factors of 24904.
2, 11, 283
What are the prime factors of 82272?
2, 3, 857
What are the prime factors of 222084?
2, 3, 31, 199
What are the prime factors of 371307?
3, 61, 2029
What are the prime factors of 7338925?
5, 11, 26687
What are the prime factors of 1196100?
2, 3, 5, 443
List the prime factors of 71513.
13, 5501
What are the prime factors of 2305869?
3, 768623
List the prime factors of 4226847.
3, 691, 2039
What are the prime factors of 17826683?
7, 2546669
What are the prime factors of 4506617?
4506617
List the prime factors of 14605402.
2, 7, 31, 73, 461
What are the prime factors of 1426893?
3, 13, 36587
What are the prime factors of 454569?
3, 151523
What are the prime factors of 5084347?
1823, 2789
What are the prime factors of 7467101?
151, 49451
List the prime factors of 27847633.
11, 97, 26099
What are the prime factors of 71434?
2, 11, 17, 191
List the prime factors of 11034703.
29, 43, 8849
List the prime factors of 668884.
2, 167221
List the prime factors of 235247.
367, 641
List the prime factors of 60074.
2, 7, 613
List the prime factors of 2535172.
2, 633793
List the prime factors of 250836.
2, 3, 20903
What are the prime factors of 14094293?
14094293
List the prime factors of 6612770.
2, 5, 199, 3323
List the prime factors of 203626.
2, 17, 53, 113
List the prime factors of 308656.
2, 101, 191
What are the prime factors of 4154925?
3, 5, 55399
What are the prime factors of 188785?
5, 17, 2221
List the prime factors of 1462022.
2, 31, 23581
List the prime factors of 58704.
2, 3, 1223
What are the prime factors of 114812?
2, 28703
List the prime factors of 208517.
109, 1913
What are the prime factors of 8064994?
2, 7, 43, 13397
What are the prime factors of 5195734?
2, 2597867
What are the prime factors of 212827?
212827
List the prime factors of 1147749.
3, 382583
What are the prime factors of 2543408?
2, 7, 22709
List the prime factors of 11205537.
3, 7, 97, 5501
What are the prime factors of 11951359?
7, 71, 139, 173
List the prime factors of 4920389.
4920389
List the prime factors of 22448185.
5, 31, 251, 577
List the prime factors of 2218790.
2, 5, 7, 29, 1093
What are the prime factors of 240375?
3, 5, 641
List the prime factors of 1889643.
3, 7, 89983
List the prime factors of 199609.
31, 47, 137
List the prime factors of 8926738.
2, 4463369
What are the prime factors of 112592?
2, 31, 227
List the prime factors of 1854456.
2, 3, 77269
List the prime factors of 457895.
5, 17, 5387
List the prime factors of 40225.
5, 1609
What are the prime factors of 573866?
2, 263, 1091
What are the prime factors of 24615792?
2, 3, 19, 2999
List the prime factors of 298938.
2, 3, 49823
List the prime factors of 1652966.
2, 7, 101, 167
List the prime factors of 1104081.
3, 11, 33457
What are the prime factors of 123214?
2, 7, 13, 677
List the prime factors of 229731.
3, 73, 1049
What are the prime factors of 206493?
3, 7, 9833
List the prime factors of 88796.
2, 79, 281
List the prime factors of 984519.
3, 109391
What are the prime factors of 540492?
2, 3, 73, 617
What are the prime factors of 14566861?
61, 238801
List the prime factors of 6974781.
3, 11, 241, 877
What are the prime factors of 1273444?
2, 241, 1321
List the prime factors of 236545.
5, 47309
List the prime factors of 776396.
2, 67, 2897
What are the prime factors of 151553?
151553
What are the prime factors of 6074968?
2, 759371
List the prime factors of 1492578.
2, 3, 101, 821
List the prime factors of 31615946.
2, 15807973
What are the prime factors of 348614?
2, 7, 37, 673
List the prime factors of 3164984.
2, 23, 103, 167
What are the prime factors of 4289347?
4289347
List the prime factors of 30182.
2, 15091
List the prime factors of 1603750.
2, 5, 1283
What are the prime factors of 585633